 4*r = -5*d - r + 350. Calculate the remainder when d is divided by 27.
16
What is the remainder when -43*(4 - 3)*-1 is divided by 11?
10
Suppose 0 = z + 3*u - 37, 4*z + 3*u - 2*u - 203 = 0. Let w(o) = 14*o. What is the remainder when ((-3)/(-2))/(3/z) is divided by w(1)?
12
Let k be 15/2*(0 + -8). What is the remainder when (k/8)/(3/(-20)) is divided by 13?
11
Let v = 0 - 1. Let h be v/((-22)/10 + 2). Suppose 4*m = -2*g + 48, 40 = -3*m + 5*m + h*g. Calculate the remainder when m is divided by 3.
1
Let q(t) = -t**2 + 18*t + 13. Calculate the remainder when q(17) is divided by 16.
14
Let f = -2 + 3. What is the remainder when 2 - 1/f - -19 is divided by (-2)/2*(-11 + 0)?
9
Suppose 4*a = 2*i + 36, 0 = -5*i + 10 + 10. Calculate the remainder when (-324)/(-10) + 12/(-30) is divided by a.
10
Calculate the remainder when (-75)/(-10) - 7 - 467/(-2) is divided by 80.
74
Suppose 0 = -5*s - 8 - 2, -2*z + 5*s + 42 = 0. Calculate the remainder when (-2)/(-1) - -48 - 3 is divided by z.
15
Let p(t) be the third derivative of t**6/120 + 17*t**3/3 + 4*t**2. What is the remainder when p(0) is divided by 18?
16
Suppose -3*q - q + 59 = i, -3*q = 4*i - 54. Suppose 0 = -3*j + q + 13. Let u = -6 + j. Calculate the remainder when u is divided by 2.
1
Let k be (2 - 0) + -1*10. Suppose -6 - 6 = -3*o. What is the remainder when (5 + k)*(-20)/6 is divided by o?
2
What is the remainder when (1 + 0)/(2/68) is divided by (-3*4)/4 + 15?
10
Let f(v) = v**2 + 11*v + 22. What is the remainder when 13 is divided by f(-9)?
1
Let r be 12/30 + 163/5. Let d = r - 3. What is the remainder when d is divided by 8?
6
Let m(a) be the second derivative of 2*a**4/3 - a**3/2 - a**2 + 3*a. What is the remainder when m(-2) is divided by 19?
17
Suppose n - 24 = -3*j, -n + 3*j - j + 9 = 0. What is the remainder when 42 is divided by n?
12
Let d be (-1000)/(-15) - (-4)/(-6). Suppose d = 4*g + 2. What is the remainder when 46 is divided by g?
14
Suppose -40 = -4*z + 4. Calculate the remainder when 32 is divided by z.
10
Suppose 0 = -3*b - 1 - 2. Let p(q) = -q**2 - 10*q - 4. Let n(v) = v**2 + v + 1. Let a(k) = b*p(k) - 2*n(k). Calculate the remainder when a(7) is divided by 5.
4
Let r(t) = 5*t + 3 - 19 - 2*t + t. Calculate the remainder when r(11) is divided by 16.
12
Suppose -4*g = 2*r - 46, 4*r = -g - 2*g + 102. What is the remainder when 213 is divided by r?
24
Let o(y) = -17*y - 9. What is the remainder when o(-7) is divided by 28?
26
Suppose w = 1 + 6. Suppose -2*x - 3 = x. Let v = w + x. What is the remainder when v is divided by 4?
2
Suppose r - 6 = -2*r. Suppose -4*z = -7*z - 3, -r*z - 17 = -3*i. Calculate the remainder when 17 is divided by i.
2
What is the remainder when (-123)/(-4) - (-1)/4 is divided by 18 + ((-2)/(-3))/((-2)/6)?
15
Suppose 2*z - 52 = -16. Suppose z = -4*h + h. Let a(r) = r**2 + 5*r + 9. What is the remainder when 43 is divided by a(h)?
13
What is the remainder when 10 is divided by (-7)/(-2)*48/28?
4
Suppose c - 5*b - 61 = 0, 0 = -c - 0*c - b + 73. Let y = c - 43. Calculate the remainder when y is divided by 10.
8
Let c(m) = m**3 + 7*m**2 - 8*m + 8. Let b be c(-8). What is the remainder when ((-6)/b)/((-1)/44) is divided by 17?
16
Let o be ((-140)/(-42))/(4/6). Suppose o*j - 63 = -r, -r = 2*r - 9. What is the remainder when 33 is divided by j?
9
Let i = 1 - -2. Calculate the remainder when -94*(i - (-21)/(-6)) is divided by 12.
11
Let x(s) = -4*s - 5. Let t be x(-5). Let k = -3 + -3. Let j = t + k. Calculate the remainder when 25 is divided by j.
7
Let c(q) = q**2 + 4*q + 1. Calculate the remainder when c(-5) is divided by 4.
2
Let w(f) = 6*f - 9. Let h be w(6). Suppose -53 = -4*d + h. Calculate the remainder when 58 is divided by d.
18
Let d = 110 + -64. What is the remainder when d is divided by 24?
22
Let c(u) = u**3 - 5*u**2 + 6*u - 1. Suppose -2*t + 13 = 5*z, 5*z = t - 0*t + 1. What is the remainder when 1*(18*1 + z) is divided by c(4)?
5
Let n be (2*5)/(8/12). Let z = 49 - n. Calculate the remainder when z is divided by 12.
10
Let c be (3/(-9))/((-4)/(-24)). Let h = 4 - c. Calculate the remainder when 20 is divided by h.
2
Suppose -35 + 95 = 5*c. Suppose -y + 0*y + 4 = 0, -4*u + 5*y - 52 = 0. Calculate the remainder when c is divided by (u + 1)*(2 - 3).
5
Suppose 0 = -i + 3*g + 5, -3*i + 5*i = 5*g + 7. Let b = i + 6. Suppose -b*c - 5 = -33. Calculate the remainder when c is divided by 8.
6
Let p(z) = -32*z - 4. What is the remainder when p(-2) is divided by 21?
18
Suppose 0*m - 26 = -2*m + 5*g, 0 = 2*m - 3*g - 22. What is the remainder when 22 is divided by m?
6
Let t(f) = f + 5. Let n be t(0). Suppose 0 = 3*i - 3 - 6. Suppose 10 = 5*h, -i*s + 7*s - n*h = 14. Calculate the remainder when 17 is divided by s.
5
Suppose 2*y - 4 = 12. Let v = 8 - y. Calculate the remainder when (v/(-3))/(-1) + 34 is divided by 9.
7
Let v be 2 + (0 - -1) + -12. Let y = v + 17. What is the remainder when 34 is divided by (-248)/(-14) + y/28?
16
Let x be ((-258)/(-9))/(4/(-18)). Let p = 84 + x. Let l = p + 104. Calculate the remainder when l is divided by 20.
19
Let c be 78/(-10) + 3/(-15). Let o(z) = -3*z - 3. What is the remainder when 40 is divided by o(c)?
19
Let m(p) = -p**2 + 18*p - 8. Suppose j - 2*r = 7 + 12, 4*j + 3*r = 109. What is the remainder when m(8) is divided by j?
22
Let k(c) = 2*c**2 - 3*c + 3. Calculate the remainder when 24 is divided by k(2).
4
Suppose -22*f + 21*f = -6. Calculate the remainder when (-33)/(-2) - 1/(-2) is divided by f.
5
Suppose l - 4 = -0*l. Suppose 0 = 2*i - 4*i + l. Calculate the remainder when i is divided by ((-2)/(-5))/(16/40).
0
Let s be (6/(-10))/(1/(-5)). Let r be (s + -29)*1*-1. Suppose 30 + r = 4*k. Calculate the remainder when 26 is divided by k.
12
Let p(s) = -s - 3. Let f be p(-8). Suppose -f*i + 38 + 52 = 0. What is the remainder when 53 is divided by i?
17
Suppose 0 = 2*l - 0*l - 5*w + 15, 4*w = -l - 27. What is the remainder when 3/l + (-172)/(-10) is divided by 9?
8
Suppose 0*w = w + 5*l - 21, -l - 79 = -5*w. Let c(i) = 28*i**2 + 12*i - 11. Calculate the remainder when c(1) is divided by w.
13
Let c be ((-9)/6)/((-6)/16). Suppose 0 = 2*l + 2*t - 30, 4*t - 57 = -c*l + 3*t. Let x(m) = -m**2 + 13*m - 2. Calculate the remainder when x(7) is divided by l.
12
Let t = -21 - -29. Let u(o) = 2*o + 4. Suppose -43 - 15 = -x. What is the remainder when x is divided by u(t)?
18
Let m = 15 - 19. Let s(v) = 5*v**3 - 2*v**2 - 8*v - 5. Let o(a) = -a**3 + a**2 + a. Let p(q) = -4*o(q) - s(q). What is the remainder when p(m) is divided by 11?
10
Calculate the remainder when 56 is divided by 5/15 + (-86)/(-3).
27
What is the remainder when 83 is divided by 520/12 - 2/6?
40
Suppose 2*m - 11 = 51. Let g = 26 - 15. What is the remainder when m is divided by g?
9
Suppose -3*z + 146 - 26 = 0. Suppose 0 = -2*i - 3*i + 35. Suppose i*a - z = 3*a. What is the remainder when 29 is divided by a?
9
Suppose -16 = 2*a + 2*a. Let k = 6 + a. Calculate the remainder when 9 is divided by 3/2*(6 - k).
3
Let z(u) = -3*u - 9. What is the remainder when 3 is divided by z(-4)?
0
Let g(j) = j - 4. Let s be g(4). Let w = 16 - 15. What is the remainder when (12 + 1 + s)*w is divided by 5?
3
Let g(s) = -2*s - 1. Let q = 13 + -7. Let t(x) = 5*x + 7. What is the remainder when t(q) is divided by g(-7)?
11
Let o = 43 + -30. Calculate the remainder when 49 is divided by o.
10
Let z be (-4)/(-26) - 8/52. Suppose 5*l - 4*l = 4. Let i = l - z. Calculate the remainder when i is divided by 3.
1
Let x = -9 + -3. Suppose 3*t + 11 - 80 = 3*s, -16 = 4*s. Let j = x + t. Calculate the remainder when 20 is divided by j.
6
Let r(c) = 3*c + 3. Calculate the remainder when 0 + 78 - (-2 + (-12)/12) is divided by r(6).
18
Let b = 597 - 337. Suppose 3*g - b + 68 = 0. What is the remainder when g is divided by 22?
20
Suppose 0 = 4*y - 2*q, 2 = q - 2. Suppose 15 = y*b + 7. What is the remainder when b is divided by 2/1 - (-3)/3?
1
Let z(s) = -s**3 + 5*s**2 + 3. Let u be z(5). Suppose 5*n - u*n = 6. Calculate the remainder when 5 is divided by n.
2
Suppose j + 3*l - 15 = 5, -4*l = -8. What is the remainder when 26 is divided by j?
12
What is the remainder when (-4 - 84/(-18))/(2/78) is divided by 15?
11
Suppose 0 = s + 8*s - 1089. What is the remainder when s is divided by 31?
28
Let h(c) = 2 + 